t a be p(x). Let t = 1874 - a. Is t a prime number?
False
Suppose y + 2 = -0*y. Let m = -3276 + 2318. Is y*4/24 + m/(-3) a prime number?
False
Suppose 2*s + 15 = -5*p, 4*p - 2*p = -2*s. Suppose -3*y + 15094 = -s*q, -y + 0*y + 3*q + 5034 = 0. Suppose -o = -4*f + o + 5028, 0 = -4*f + 5*o + y. Is f prime?
False
Let u be 1 + -1967 - (-3 - 0 - -4). Let w = 1148 + u. Let g = 3754 + w. Is g a prime number?
False
Let n be (6/(-6) - -5) + -1. Let h be n + (-300)/(-42) - 3/21. Let y(q) = -q**2 + 26*q - 18. Is y(h) a prime number?
False
Let s(d) = -7*d + 1. Let h be s(-3). Let y(n) = 50 - 130*n + 80*n + 26*n**2 - 17 - n**3. Is y(h) a prime number?
False
Let g(r) = -r**3 - r**2 - 3*r + 1. Let a be g(-2). Let v(o) = 15*o**2 + 4*o + 2. Is v(a) a prime number?
True
Let j(g) = -33*g - 1011. Let k be j(-31). Let h(f) = 191*f + 35. Let d(i) = -95*i - 18. Let q(c) = 5*d(c) + 3*h(c). Is q(k) composite?
True
Let q(m) = 98*m**2 - 12*m + 131. Let i be q(14). Suppose 3*u = -5*k + i, k - 3*k + 3*u = -7660. Is k a prime number?
True
Let i = -96 + 152. Suppose 0 = -i*u + 50*u + 100302. Is u a prime number?
False
Let y = 1518 - 3115. Is (3 + y)/(-2)*1 a composite number?
False
Let t be 2/18*-2 - (-174320)/360. Let b = t - -279. Is b prime?
False
Suppose -2*s = -0*s + 8, -4*d + 3*s = -128. Let r(c) = c**2 - 119*c + 1178. Let z be r(11). Let h = d + z. Is h a prime number?
True
Let j(n) = -n**3 + 10*n**2 - 13*n + 9. Let w be j(8). Suppose -202 = -5*q - 52. Is 55/q*2*w composite?
True
Let f(t) = 21*t**3 - 2*t**2 - 11*t - 51. Is f(10) a composite number?
False
Let o(z) = 220*z - 3. Let i be (-3)/(3/2) + 7. Is o(i) a prime number?
True
Suppose -4*b - 12 = 0, -5*b + 4*b - 15 = -3*c. Suppose -2*x - c*o + 15214 = -0*x, -o = 4*x - 30449. Is x a composite number?
True
Let s(n) = -1512*n - 629. Is s(-3) composite?
False
Suppose -11*w + 6*w = -10. Let x be (-9)/(-6)*(0 + (w - -56)). Is (x + 3)*31 - 5 a prime number?
False
Let v(a) = 201*a + 19. Let q be v(6). Suppose q + 7574 = 7*d. Is d prime?
False
Let t be 4*3*1618/24. Let p = -48 + -366. Let o = t + p. Is o a composite number?
True
Suppose 13*o = 16*o + 60. Let a(v) = v + 12. Let p be a(o). Is p/6 - 842/(-6) prime?
True
Let j(k) = 346*k + 23. Let s(v) = 347*v + 22. Let o(t) = 3*j(t) - 4*s(t). Is o(-4) a prime number?
True
Suppose 7 = 2*h + 6*z - 3*z, 0 = -5*z + 25. Let n(d) = d**2 + 6*d + 4. Let p be n(h). Is 12 + (2/1)/(p/6) a prime number?
False
Suppose 20 = -5*h + 3*w + 14, 2*h = 2*w - 4. Let p = -649 - -1939. Suppose -6*i + p = -h*i. Is i prime?
False
Suppose -18*d - 16947 = -620793. Is d a prime number?
True
Let q be 9 + 16/(144/(-45)). Suppose 17 = 5*k - 43. Is 10782/k - (-2)/q composite?
True
Let k be 40/(-2)*1 - (8 + -10). Is 16/(-36) + (-53342)/k a prime number?
True
Suppose 61*d - 309571 - 123894 = 1917658. Is d a composite number?
False
Suppose -55*g - 3484281 - 10360418 = -66*g. Is g prime?
False
Suppose -v - 12*y = -8*y - 2, v - 4*y - 10 = 0. Suppose 0 = -5*u - 2198 - 342. Is v - 3 - u/2 prime?
True
Suppose 242*v - 249*v = -70. Suppose -14237 - 50453 = -v*n. Is n a prime number?
True
Let f = -41 + 35. Is (-4244)/(-6)*5/((-20)/f) a prime number?
True
Let w = 85952 + 69491. Is w a prime number?
True
Suppose -5*q - 5 = 5*h, -3*q + 11 = -3*h - h. Let n(z) = 17823*z - 16. Is n(q) a prime number?
True
Suppose 18506705 = 26*m + 26*m - 17*m. Is m prime?
True
Let p(j) = 3*j**3 - 29*j**2 + 85*j + 158. Is p(43) composite?
True
Suppose 174*c + 5*d = 179*c - 512280, -2*c + 204942 = 4*d. Is c a prime number?
True
Let w = 727 + 8704. Is w a composite number?
False
Suppose 88*n - 91*n - 2*o + 593133 = 0, 4*n - 790816 = 2*o. Is n composite?
True
Let n = 653 - 383. Let w = n - 151. Is w prime?
False
Suppose 7*n + 70 = 12*n. Suppose 13343 = n*a - 3*a. Is a a prime number?
True
Suppose t - 18 = 3*t. Let q(w) be the second derivative of -w**5/10 - w**4/6 + w**3 + 17*w**2/2 - 345*w. Is q(t) composite?
False
Suppose 3*x - 6 = 6. Suppose 9*f - 7*f - 2 = -3*d, d - 12 = 5*f. Suppose -x*k - 4*o = -756, -d*o = -k + 2*o + 199. Is k a prime number?
True
Suppose a - 1 = -p, -a = 4*p - 4*a - 18. Let r(l) = -17*l - 5. Let o be r(p). Is (-3941)/(-28)*o/(-2) prime?
False
Let q(b) = 4*b**2 - 24*b + 41. Let a be q(3). Suppose 4*m - 9 = 3. Suppose 1790 = -m*f + a*f. Is f composite?
True
Let p(a) = a**2 + 20*a + 39. Let o be 0 + (-14 - (1 - -3)). Let d be p(o). Is (d/9)/(-3 + (-69572)/(-23190)) a prime number?
False
Suppose -3*i + 38308 = y + 2*i, 0 = -3*y - 3*i + 114984. Let p = y + -26478. Is p a composite number?
True
Let r(j) = 344*j**2 - 54*j - 1525. Is r(43) prime?
True
Suppose 11223 = -2*h + 31289. Is h composite?
True
Let o = -3043 - -5445. Let z = 2 + 0. Suppose -z*n + 2 = 0, 5*s - 2*n - o = n. Is s prime?
False
Let r = 285 + -381. Is (-2)/(-4) + -4*66396/r a composite number?
False
Let y = -1993 - -18176. Is y prime?
True
Suppose -39*z = -27*z - 21*z + 1072989. Is z a composite number?
True
Is ((-162840771)/581 - (-2)/(-7))/(-1) composite?
False
Let d(c) = c**3 + 26*c**2 - 12*c + 20. Suppose -50 = 4*m + 42. Is d(m) prime?
False
Suppose 0 = -3*p + 3*w + 775653 + 175983, p - 317218 = 3*w. Is p a prime number?
True
Suppose -14*s + 65*s - 3627536 = -37*s. Is s prime?
False
Suppose -9*k = -110187 - 279414. Is k prime?
False
Let m = 188 + -119. Let f = -66 + m. Suppose 2*g - 4*g + 4*z = -134, 0 = -4*g - f*z + 224. Is g a composite number?
False
Suppose j = c + 2*j - 11, -5 = -c + 2*j. Let u be 0/(c/3 + 0). Suppose u*l - l + 211 = 0. Is l a composite number?
False
Suppose 4*h - 6144 = 10624. Suppose z - h = -3*t, -20971 = -3*z - 2*z - 4*t. Is z composite?
True
Let k be -15434 + 1 - (6/3)/(-1). Let n = 29475 + k. Suppose -i + 0*z = -z - 2804, -5*i - 3*z = -n. Is i prime?
False
Let f = 152 - 149. Suppose 0 = 4*s + f*o - 4*o - 1495, -5*s = 2*o - 1859. Is s composite?
False
Suppose 3*k + m + 44 = -4*m, 0 = -4*k + 5*m - 12. Is 15930 - (1 - (-16)/k) prime?
False
Let b = -295802 - -564075. Is b a prime number?
False
Let g(t) = -t**3 - 2*t**2. Let x be g(-2). Suppose 6*q - 18213 - 10911 = x. Suppose -4*v = 2*v - q. Is v composite?
False
Suppose -10*r - 4*i = -8*r + 30, 0 = -5*r - 5*i - 80. Let u(h) = -105*h - 32. Is u(r) composite?
False
Let n(y) be the second derivative of 5*y**4/12 + 13*y**3/6 + 61*y**2/2 + 2*y + 13. Is n(11) a prime number?
True
Let y = 343 + -223. Suppose 2*w = -3*w + y. Is (6/w - 10/8)*-973 a prime number?
False
Suppose -5*b = -4*w + w - 32, -4*w = -5*b + 36. Suppose -j + 9 = b*j + 2*t, 0 = 2*j - 5*t - 21. Is -5 + j - (-1221 + 0) composite?
True
Suppose 23*a + 23*a = 7*a + 175461. Is a a composite number?
True
Is 30/(-60)*97234*-1 a prime number?
False
Suppose d + 5*l - 3*l + 641 = 0, -3*l - 6 = 0. Let k = 172 - d. Is k composite?
False
Let n(a) = 142*a**2 - 109*a + 731. Is n(20) composite?
False
Let o(k) = 1202*k + 6007. Is o(32) composite?
True
Let n(d) be the first derivative of -d**4/4 - 58*d**3/3 + 28*d**2 + 26*d - 28. Is n(-59) prime?
False
Let d be 2/(-3) + 4/3*2. Suppose -75 = -3*g + 3*f, -d*g = 2*g + 5*f - 145. Suppose g = 4*x + 10, 4*l - 440 = 4*x. Is l prime?
False
Suppose -2*r = -59 + 79. Let w(h) = -90*h + 19. Is w(r) a prime number?
True
Let j(u) = 2515*u**3 + 5*u**2 - 7*u - 3. Is j(2) prime?
True
Suppose -4*m + 3*j = -j - 8616, -2*j + 2145 = m. Let d = m + 2490. Suppose 793 = y + 2*r, 0 = 5*y + 4*r + 682 - d. Is y composite?
True
Let q(h) = -h**3 - 33*h**2 + 94*h - 116. Let j be q(-40). Suppose 2*g - j = 2898. Is g prime?
False
Let g(f) = -61*f**3 - 2*f**2 + 15*f - 3. Is g(-7) a composite number?
False
Let j(a) = a**2 + 10*a + 20. Let q be j(-8). Suppose -q*l - 219 = -l. Let f = l + 108. Is f a composite number?
True
Suppose 30*q = 32*q - 2102. Suppose -4*j = -0*j + 1556. Let m = j + q. Is m composite?
True
Suppose 165056 = 4*s + 5*v, -2*s + 82546 = -0*v - 2*v. Is s a prime number?
True
Suppose 9*i - 220450 = -i. Suppose i = 417*f - 412*f. Is f composite?
False
Suppose 3*r + 3*c - 178122 = 0, c + 118736 = 2*r + 7*c. Is r a prime number?
True
Suppose 5115361 = 48*z - 3146735. Is z composite?
False
Let v(n) = 2*n**2 - 23*n - 36. Let t be v(12). Is -4 - ((-810)/t)/((-3)/1452) prime?
False
Let y be (144/6)/4 - (-2 - -1). Is 7345 + (-33)/15 + y/35 prime?
False
Is 3395144/76 + 1/19 composite?
True
Suppose a = 4*p - 582127, 